git of 2133631?
3
What is the hundreds digit of 36434?
4
What is the units digit of 210333?
3
What is the ten millions digit of 20350750?
2
What is the tens digit of 5205259?
5
What is the units digit of 201289?
9
What is the thousands digit of 437970?
7
What is the thousands digit of 110402?
0
What is the thousands digit of 26823520?
3
What is the tens digit of 74714?
1
What is the tens digit of 2689418?
1
What is the tens digit of 732680?
8
What is the thousands digit of 209434?
9
What is the tens digit of 114400?
0
What is the hundreds digit of 673395?
3
What is the thousands digit of 551816?
1
What is the hundred thousands digit of 12692914?
6
What is the ten thousands digit of 1945522?
4
What is the millions digit of 10950476?
0
What is the hundreds digit of 319282?
2
What is the units digit of 2150999?
9
What is the hundreds digit of 3724311?
3
What is the hundreds digit of 5085687?
6
What is the tens digit of 11971753?
5
What is the units digit of 1966705?
5
What is the hundreds digit of 796204?
2
What is the tens digit of 2402498?
9
What is the millions digit of 5463345?
5
What is the hundred thousands digit of 186644?
1
What is the hundreds digit of 2145444?
4
What is the ten thousands digit of 196301?
9
What is the hundreds digit of 19164818?
8
What is the hundreds digit of 1700105?
1
What is the hundreds digit of 24931?
9
What is the units digit of 113573?
3
What is the millions digit of 1648749?
1
What is the thousands digit of 2229572?
9
What is the units digit of 4499533?
3
What is the ten thousands digit of 2491768?
9
What is the hundreds digit of 1640731?
7
What is the thousands digit of 11510013?
0
What is the hundreds digit of 467731?
7
What is the thousands digit of 1200626?
0
What is the ten thousands digit of 11496509?
9
What is the tens digit of 75191?
9
What is the tens digit of 1102152?
5
What is the hundreds digit of 3925?
9
What is the units digit of 99919?
9
What is the hundred thousands digit of 15230624?
2
What is the millions digit of 7212541?
7
What is the units digit of 2086155?
5
What is the thousands digit of 593297?
3
What is the ten thousands digit of 10091366?
9
What is the hundreds digit of 6145422?
4
What is the hundreds digit of 405116?
1
What is the units digit of 12538669?
9
What is the hundreds digit of 205973?
9
What is the ten thousands digit of 24394575?
9
What is the hundreds digit of 6392?
3
What is the thousands digit of 1430683?
0
What is the units digit of 19809009?
9
What is the units digit of 417518?
8
What is the units digit of 875918?
8
What is the thousands digit of 13656806?
6
What is the ten thousands digit of 10792032?
9
What is the tens digit of 25921800?
0
What is the millions digit of 3053005?
3
What is the thousands digit of 234158?
4
What is the tens digit of 6844322?
2
What is the thousands digit of 415098?
5
What is the hundred thousands digit of 1065218?
0
What is the tens digit of 106634?
3
What is the hundred thousands digit of 3352422?
3
What is the thousands digit of 6317336?
7
What is the thousands digit of 58540?
8
What is the units digit of 6843096?
6
What is the thousands digit of 17228807?
8
What is the hundred thousands digit of 2441512?
4
What is the thousands digit of 798455?
8
What is the tens digit of 220432?
3
What is the ten thousands digit of 299520?
9
What is the ten thousands digit of 890647?
9
What is the hundred thousands digit of 1244625?
2
What is the millions digit of 3131814?
3
What is the hundreds digit of 429756?
7
What is the millions digit of 29135197?
9
What is the hundreds digit of 11153?
1
What is the hundred thousands digit of 906494?
9
What is the hundreds digit of 70700?
7
What is the hundred thousands digit of 6340148?
3
What is the tens digit of 2436873?
7
What is the hundreds digit of 5174182?
1
What is the ten thousands digit of 9851788?
5
What is the ten thousands digit of 113802?
1
What is the ten thousands digit of 249835?
4
What is the tens digit of 18003391?
9
What is the tens digit of 2564522?
2
What is the hundreds digit of 3110654?
6
What is the hundred thousands digit of 2135407?
1
What is the millions digit of 8397497?
8
What is the hundreds digit of 3520397?
3
What is the thousands digit of 12528099?
8
What is the units digit of 4840458?
8
What is the hundred thousands digit of 6169767?
1
What is the hundreds digit of 664180?
1
What is the ten thousands digit of 153354?
5
What is the hundreds digit of 12310547?
5
What is the units digit of 622333?
3
What is the ten millions digit of 13120625?
1
What is the hundred thousands digit of 4537793?
5
What is the hundred thousands digit of 26870480?
8
What is the units digit of 307202?
2
What is the hundreds digit of 78801?
8
What is the units digit of 4745482?
2
What is the tens digit of 4765693?
9
What is the thousands digit of 1329268?
9
What is the thousands digit of 366358?
6
What is the tens digit of 2396181?
8
What is the hundreds digit of 241076?
0
What is the thousands digit of 1110541?
0
What is the hundreds digit of 273314?
3
What is the hundred thousands digit of 24047431?
0
What is the ten thousands digit of 1361766?
6
What is the thousands digit of 39171?
9
What is the hundreds digit of 509708?
7
What is the tens digit of 402158?
5
What is the tens digit of 9895815?
1
What is the hundred thousands digit of 14837850?
8
What is the ten thousands digit of 4710542?
1
What is the ten thousands digit of 112315?
1
What is the hundreds digit of 263678?
6
What is the tens digit of 452535?
3
What is the ten thousands digit of 3551516?
5
What is the units digit of 790694?
4
What is the ten thousands digit of 6816888?
1
What is the thousands digit of 62587?
2
What is the ten thousands digit of 13343191?
4
What is the units digit of 907865?
5
What is the ten thousands digit of 315366?
1
What is the tens digit of 688405?
0
What is the units digit of 2196039?
9
What is the units digit of 295660?
0
What is the ten thousands digit of 147193?
4
What is the tens digit of 199765?
6
What is the thousands digit of 3432236?
2
What is the millions digit of 1641656?
1
What is the ten thousands digit of 39639?
3
What is the hundreds digit of 1817693?
6
What is the hundred thousands digit of 2621201?
6
What is the units digit of 198557?
7
What is the units digit of 1517349?
9
What is the hundred thousands digit of 872525?
8
What is the tens digit of 272847?
4
What is the units digit of 356431?
1
What is the thousands digit of 2833113?
3
What is the ten thousands digit of 14150521?
5
What is the units digit of 1738129?
9
What is the units digit of 81313?
3
What is the thousands digit of 2752166?
2
What is the hundred thousands digit of 698460?
6
What is the ten thousands digit of 739236?
3
What is the hundreds digit of 53794?
7
What is the tens digit of 524345?
4
What is the hundreds digit of 2063171?
1
What is the ten millions digit of 26550883?
2
What is the millions digit of 6258160?
6
What is the ten thousands digit of 212454?
1
What is the units digit of 1771264?
4
What is the hundred thousands digit of 5471428?
4
What is the units digit of 203383?
3
What is the hundred thousands digit of 10692977?
6
What is the tens digit of 1400753?
5
What is the thousands digit of 28836790?
6
What is the tens digit of 15344929?
2
What is the thousands digit of 684367?
4
What is the units digit of 411226?
6
What is the tens digit of 103990?
9
What is the millions digit of 1352043?
1
What is the tens digit of 110731?
3
What is the ten thousands digit of 749556?
4
What is the hundreds digit of 1302827?
8
What is the hundreds digit of 5230714?
7
What is the tens digit of 4877?
7
What is the units digit of 189712?
2
What is the hundred thousands digit of 667728?
6
What is the units digit of 935128?
8
What is the hundreds digit of 1643154?
1
What is the units digit of 7290578?
8
What is the hundreds digit of 873732?
7
What is the thousands digit of 421299?
1
What is the hundred thousands digit of 8488677?
4
What is the units digit of 122856?
6
What is the hundreds digit of 2854665?
6
What is the hundred thousands digit of 4477658?
4
What is the ten thousands digit of 314415?
1
What is the ten thousands digit of 9982833?
8
What is the units digit of 2833856?
6
What is the units digit of 1383536?
6
What is the t